e factors of n?
31
Suppose -3*n + 0*n - 5*w + 92 = 0, -5*n + 116 = -w. List the prime factors of n.
2, 3
Suppose d - 19 = 4*d + 2*m, -2*m = -3*d - 11. What are the prime factors of 4/(((-10)/4)/d)?
2
Suppose 5*x - 23 = -2*o, x - 3*o = o - 13. Suppose -3*m = 5*i - 43, -19 = -i - i - x*m. List the prime factors of i.
2
Suppose 0 = 3*z - 3*x - 627, -z = 2*z + 4*x - 655. What are the prime factors of z?
3, 71
Let a(l) = -8*l + 54. List the prime factors of a(-10).
2, 67
Suppose 0*u - 2*u = -2*c - 4, -5*u = 0. Let z(f) = 5*f**2 - 3*f - 2. Let i be z(c). Let d = i - 14. What are the prime factors of d?
2, 5
Let b be (4/14)/(6/42). Suppose -3*p + 13 + 3 = b*l, -2*l - 20 = -3*p. List the prime factors of p.
2, 3
Let c(o) = -o**2 + 7*o - 6. Let y be c(6). Suppose s - 13 = 4*b - y, -b = -4*s + 37. What are the prime factors of s?
3
Let j(d) be the third derivative of d**5/60 + d**4/3 + 3*d**3/2 - 5*d**2. What are the prime factors of j(-7)?
2
Let o(x) = -2*x**3 + 1 - 3*x**2 - x + 9*x**2 - x + x**3. List the prime factors of o(3).
2, 11
Suppose 0 = 4*m - 5*m + 48. Suppose 0 = -22*d + 18*d + m. What are the prime factors of d?
2, 3
Suppose 2*n + 29 = 3*n. What are the prime factors of n?
29
Suppose 4*a = 7*a - 120. What are the prime factors of a?
2, 5
Let d(h) = h - 5. Let l be d(6). List the prime factors of 126/(-6)*l/(-1).
3, 7
Suppose -3*j = -4*s + 356, -3*j + 2*j = 0. List the prime factors of s.
89
Suppose 2*g - 1 - 107 = 0. List the prime factors of g.
2, 3
Suppose 0 = 2*s + u - 325, s - 3*u = 79 + 80. Suppose -s = -2*f - 4*f. What are the prime factors of f?
3
Let k = -29 + 33. What are the prime factors of k?
2
Suppose -3*o + 9 = 3*g, 0*g + 2*g = 2*o + 2. Suppose i - q = -16, -g*i - 4*q - 20 = -0. Let j = i - -23. What are the prime factors of j?
3
Let w(p) = 100*p**2 - 11*p - 11. What are the prime factors of w(-1)?
2, 5
Let q be (13 - 3) + (-6)/3. Let g = 0 + q. List the prime factors of g.
2
Suppose -4*q + q + 3 = 0. What are the prime factors of (6 - 5) + (10 - q)?
2, 5
Let b(m) = -m**3 + 9*m**2 + 7*m - 5. Let q be b(5). Suppose -3*y + q = -2. Suppose y = -d + 5*d. What are the prime factors of d?
11
Let r = 21 + -22. Suppose z + i = 2*z + 6, -4*z + 21 = 5*i. What are the prime factors of r + z + 6 + 11?
3, 5
Let z = -25 + 137. List the prime factors of z.
2, 7
Let w be 7/(-28) - (-42)/8. Suppose 30 = -w*d - 0*d. What are the prime factors of 138/8 - d/8?
2, 3
Let c(b) be the second derivative of b**3/6 - b**2/2 + 3*b. Let z be c(5). Suppose 0*j = -z*j + 48. What are the prime factors of j?
2, 3
What are the prime factors of ((3 + -11)*8)/(-2)?
2
Suppose 4*q = 43 + 13. What are the prime factors of q?
2, 7
Suppose q + 5*r - 121 = -2*q, 5*q + 5*r - 215 = 0. What are the prime factors of q?
47
Let f(o) = -o + 4. Suppose -2*z + 3 = -n, 0 = -n - 3*n - z - 30. Let l be f(n). Suppose 5*r = -l + 76. List the prime factors of r.
13
Let f = -6 + 11. Suppose -2*b - f*s + 0 = -4, -3*b + 6 = 3*s. Suppose -2*c + 58 = 4*w, -3*w + 12 = -2*w - b*c. List the prime factors of w.
2, 7
Let f(i) = i - 7. Let n be f(7). Let v be (-6)/(-2)*(-1 + n). Let g = 0 - v. What are the prime factors of g?
3
Let c(w) = -9*w + 2. Let d be c(-2). Let k = -12 + d. Let z = -5 + k. What are the prime factors of z?
3
Suppose -6*u + 60 = -0*u. Suppose 6*c + 156 = u*c. List the prime factors of c.
3, 13
Let h(q) = -q**2 + 11*q + 7. List the prime factors of h(7).
5, 7
Let x(u) = u**2 - 10. What are the prime factors of x(-9)?
71
Suppose -3*r + 213 = -0*r. What are the prime factors of r?
71
Let y = 12 - -8. What are the prime factors of y?
2, 5
Let x(j) = -4*j**3 - 3*j**2 + j + 2. Let h be x(-2). Suppose 22 = -3*w + 5*i, h = -3*w - 3*i + 7*i. What are the prime factors of (-1 - (-3)/12)*w?
3
Let a(g) = -11*g**2 + 24*g + 2. Let x(y) = -7*y**2 + 16*y + 1. Let q be 6/21 - (-37)/(-7). Let d(u) = q*a(u) + 8*x(u). What are the prime factors of d(6)?
2, 5
Suppose 4*h - 22 = -f, 2*h - 4*h = -4*f - 2. Suppose -f*g = -4*d, -g - 2*d - 10 = -3*g. List the prime factors of g.
2, 5
Suppose -4*c = 5*u - 35, 2 = 3*u - 3*c + 8. What are the prime factors of u?
3
Let y be 2*((-460)/(-8))/5. Suppose -2*h = -51 - y. What are the prime factors of h?
37
Suppose 2*u - 17 = -3*q, 7 = q - 0*q + u. Suppose -d + 28 = q*d. What are the prime factors of d?
7
Suppose 7*d + 5*y + 358 = 4*d, 3*y + 237 = -2*d. Let v = -77 - d. What are the prime factors of v?
2, 17
Let h be ((-2)/4)/(1/(-28)). Let n = 20 - h. What are the prime factors of n?
2, 3
Suppose 48 + 20 = 2*u. Let b = u - 9. Let v = b + -16. List the prime factors of v.
3
Suppose i + 4*k - 33 = 6*k, -4*i + k + 139 = 0. List the prime factors of i.
5, 7
Suppose 5*i + 5*d = 90, -3*i + 60 = -i - 4*d. Suppose -2*o = -2*v - i, -2*o - 2*o + 59 = -v. What are the prime factors of o?
2
Let h(f) be the second derivative of f**4/4 - f**3/3 + f**2/2 - f. Let w(j) = j**2 - 4*j - 4. Let t be w(5). List the prime factors of h(t).
2
Let s be (-2 - -2) + 10 + -1. Suppose -15 = -4*a + s. List the prime factors of a.
2, 3
Suppose -3 = -3*n - 0. Let s = n - -6. Let t = 10 - s. What are the prime factors of t?
3
Suppose 5*q + 29 = 4*b, 23 = -5*q + 5*b - 7. Let d(i) = i**3 + 6*i**2 + 4*i + 2. List the prime factors of d(q).
7
Let i be 3/((-3)/(-2)) - 0. Suppose -i = -4*c + 6. List the prime factors of c.
2
Let u(x) = -5*x**2 + 8*x - 3. Let p(n) = 5*n**2 - 9*n + 3. Let l(y) = -4*p(y) - 5*u(y). What are the prime factors of l(2)?
3, 5
Suppose 4*w - 21 = 3. Let f be (-91)/w + (-2)/(-12). List the prime factors of ((-36)/f)/(1/5).
2, 3
Let r(z) = -z**2 - 13*z - 9. List the prime factors of r(-9).
3
Suppose 2*z = 10 + 4. Let i(x) = -85*x - 1 - 2 + 87*x. List the prime factors of i(z).
11
Let j(w) = 9*w**3 - w**2 + 6*w - 3. List the prime factors of j(2).
7, 11
Suppose 0 = 8*r - 3*r - 130. Suppose -k + r = k. What are the prime factors of k?
13
Let s(f) = f**3 + 3*f**2 - 2*f - 1. Let q = 2 + 0. Suppose y - q*i + 6*i = -23, 0 = -i - 5. List the prime factors of s(y).
5
List the prime factors of 2/(-6)*(-3555)/5.
3, 79
Let b = 10 - 18. Let k = -5 - b. Let o = k + 9. What are the prime factors of o?
2, 3
Let q(o) be the first derivative of -3*o**2/2 + 4*o - 2. Let p be q(-3). Suppose 0 = -2*r + 9 + p. What are the prime factors of r?
11
Suppose -2*y + 224 = -0*y. Suppose 6*l - 2*l - y = 0. What are the prime factors of l?
2, 7
Let c = 2 + 0. Let s = c + -2. Suppose s = -3*t - 5*p + 13, -3*t = -p - 12 - 7. List the prime factors of t.
2, 3
Suppose -5 + 2 = -d. Let x be d/(-12) + (-9)/(-4). Suppose -2*u + 52 = x*u. What are the prime factors of u?
13
Suppose -2*z + j - 30 + 205 = 0, 2*z + 2*j = 184. What are the prime factors of z?
89
Let f(q) = -q**3 + 7*q**2 + 8*q + 2. Let l be f(8). Let p(w) = w**2 + 3*w + 5. Let a be p(-2). Suppose -l*h + 90 = a*h. What are the prime factors of h?
2, 3
Let a(y) = -30*y**3. Let h be a(-1). Suppose h - 9 = f. List the prime factors of f.
3, 7
Let q be 0 - (1 + 1) - -1. Let n be 1*(q - (-1 - -1)). List the prime factors of -1 - -2 - (0 + n).
2
Let g(p) = -p**3 - 2*p**2 + 3*p + 5. Suppose -6 = 5*d + 14. What are the prime factors of g(d)?
5
Let n(t) = -2*t + 2 + 10*t**2 - 3 + 1. What are the prime factors of n(2)?
2, 3
Let q be 4/14 - 614/(-7). Let d = 9 + -4. Suppose -d*y - q = -4*w, -w - 5*y = -6*w + 110. List the prime factors of w.
2, 11
Suppose 3*m + 5*w = 245, 5*w + 66 = m - 9. List the prime factors of m.
2, 5
Let f be 38/6 - (-2)/(-6). Let p be (-6)/(-4)*f/3. List the prime factors of 4/6 - (-4)/p.
2
Suppose -3*q - 18 = -2*q - 2*p, p - 63 = 5*q. What are the prime factors of 17/4 - (-3)/q?
2
Suppose -2*h - m + 21 = 0, -3*h + m + 11 = -h. Let k = h - 0. List the prime factors of k.
2
Let j(u) = -27*u - 2. List the prime factors of j(-2).
2, 13
Let s = 12 - 3. Suppose 3*y = -3*o - s, -6 = -3*y + 4*y + 4*o. Let z(u) = -u**3 - u**2 + 2*u + 2. What are the prime factors of z(y)?
2
Let s(x) = -2*x**3 + 3*x**2 + 4. List the prime factors of s(-3).
5, 17
Let a = -68 + 118. List the prime factors of a.
2, 5
Suppose -3*g = g - 56. Suppose -2*r - 39 = -5*c, c - r = -2*c + 23. Let p = g - c. List the prime factors of p.
7
Let l = 57 + 0. List the prime factors of l.
3, 19
Let w(o) = -2*o**3 - 2*o**2 + 2*o. Let p be w(-2). Suppose 0 = -2*i - 2, -4*x + 1